{"id":1481,"date":"2020-01-13T10:35:26","date_gmt":"2020-01-13T10:35:26","guid":{"rendered":"http:\/\/www.minader.cm\/?page_id=1481"},"modified":"2023-06-28T17:21:50","modified_gmt":"2023-06-28T17:21:50","slug":"direction-du-genie-rural-et-de-lamelioration-du-cadre-de-vie-en-milieu-rural-dgra","status":"publish","type":"page","link":"https:\/\/www.minader.cm\/index.php\/direction-du-genie-rural-et-de-lamelioration-du-cadre-de-vie-en-milieu-rural-dgra\/","title":{"rendered":"Direction du G\u00e9nie Rural et de l\u2019Am\u00e9lioration du cadre de vie en milieu rural (DGRA)"},"content":{"rendered":"\n<figure class=\"wp-block-image size-large\"><img loading=\"lazy\" decoding=\"async\" width=\"1080\" height=\"270\" src=\"https:\/\/i1.wp.com\/www.minader.cm\/wp-content\/uploads\/2023\/06\/IMG-20230628-WA0007.jpg?fit=669%2C167&amp;ssl=1\" alt=\"\" class=\"wp-image-5362\" srcset=\"https:\/\/i0.wp.com\/www.minader.cm\/wp-content\/uploads\/2023\/06\/IMG-20230628-WA0007.jpg?w=1080&amp;ssl=1 1080w, https:\/\/i0.wp.com\/www.minader.cm\/wp-content\/uploads\/2023\/06\/IMG-20230628-WA0007.jpg?resize=300%2C75&amp;ssl=1 300w, https:\/\/i0.wp.com\/www.minader.cm\/wp-content\/uploads\/2023\/06\/IMG-20230628-WA0007.jpg?resize=1024%2C256&amp;ssl=1 1024w, https:\/\/i0.wp.com\/www.minader.cm\/wp-content\/uploads\/2023\/06\/IMG-20230628-WA0007.jpg?resize=768%2C192&amp;ssl=1 768w\" sizes=\"auto, (max-width: 669px) 100vw, 669px\" \/><\/figure>\n\n\n\n<p class=\"has-text-align-center has-black-color has-vivid-green-cyan-background-color has-text-color has-background\"><strong>LA DIRECTION DU GENIE RURAL ET DE L\u2019AMELIORATION DU CADRE DE VIE EN MILIEU RURAL\u00a0<\/strong><\/p>\n\n\n\n<p><br>(1) Plac\u00e9e sous l\u2019autorit\u00e9 d\u2019un Directeur, la Direction du G\u00e9nie Rural et de l\u2019Am\u00e9lioration du Cadre de Vie en Milieu Rural est charg\u00e9e :<br>\u2013 de la d\u00e9finition et du suivi de la mise en \u0153uvre d\u2019un cadre r\u00e9glementaire d\u2019am\u00e9nagement et de gestion de l\u2019espace rural ;<br>\u2013 de la r\u00e9alisation dans son champ de comp\u00e9tence des programmes d\u2019am\u00e9lioration du cadre de vie en milieu rural ;<br>\u2013 du suivi de la r\u00e9alisation des programmes d\u2019am\u00e9lioration du cadre de vie en milieu rural ;<br>\u2013 de la conception et du suivi de la mise en \u0153uvre des programmes et projets d\u2019am\u00e9nagement de l\u2019espace rural, en liaison avec les administrations et organismes concern\u00e9s ;<br>\u2013 de la participation \u00e0 l\u2019\u00e9tude et \u00e0 l\u2019\u00e9tablissement des plans d\u2019am\u00e9nagement et de restauration des sols en milieu rural ;<br>\u2013 de la formulation des politiques et des strat\u00e9gies de d\u00e9veloppement de l\u2019hydraulique agricole ;<br>\u2013 de la conception et du suivi de la mise en \u0153uvre des programmes et projets d\u2019am\u00e9nagement hydro-agricoles ;<br>\u2013 de l\u2019\u00e9laboration et du suivi de la mise en \u0153uvre des programmes de gestion des ouvrages hydro-agricoles, en liaison avec les administrations et organismes concern\u00e9s ;<br>\u2013 de l\u2019appui aux producteurs et aux communaut\u00e9s rurales pour l\u2019\u00e9laboration et la gestion de leurs projets hydro-agricoles ;<br>\u2013 de la d\u00e9finition des normes de qualit\u00e9 des eaux \u00e0 usage agricole et du suivi de l\u2019application de ces normes, en liaison avec les administrations concern\u00e9es ;<br>\u2013 de la d\u00e9finition et du suivi de l\u2019application en mati\u00e8re d\u2019usage des eaux et machines agricoles ;<br>\u2013 de l\u2019homologation des machines et \u00e9quipements agricoles; de l\u2019\u00e9laboration des indicateurs de performance sectorielle ;<br>\u2013 de la r\u00e9alisation des programmes du g\u00e9nie rural.<br>(2) Elle comprend :<br>\u2013 la Sous-Direction de l\u2019Am\u00e9lioration du Cadre de Vie en Milieu Rural ;<br>\u2013 la Sous-Direction de l\u2019Hydraulique Agricole ;<br>\u2013 la Sous-Direction de l\u2019Am\u00e9nagement et de la Gestion de l\u2019Espace Rural ;<br>\u2013 le Service des Etudes Techniques et Topographiques.<\/p>\n","protected":false},"excerpt":{"rendered":"<p>LA DIRECTION DU GENIE RURAL ET DE L\u2019AMELIORATION DU CADRE DE VIE EN MILIEU RURAL\u00a0 (1) Plac\u00e9e sous l\u2019autorit\u00e9 d\u2019un Directeur, la Direction du G\u00e9nie Rural et de l\u2019Am\u00e9lioration du Cadre de Vie en Milieu Rural est charg\u00e9e :\u2013 de la d\u00e9finition et du suivi de la mise en \u0153uvre d\u2019un cadre r\u00e9glementaire d\u2019am\u00e9nagement et [&hellip;]<\/p>\n","protected":false},"author":1,"featured_media":0,"parent":0,"menu_order":0,"comment_status":"closed","ping_status":"closed","template":"","meta":{"footnotes":""},"class_list":["post-1481","page","type-page","status-publish","hentry"],"jetpack_sharing_enabled":true,"jetpack_likes_enabled":true,"_links":{"self":[{"href":"https:\/\/www.minader.cm\/index.php\/wp-json\/wp\/v2\/pages\/1481","targetHints":{"allow":["GET"]}}],"collection":[{"href":"https:\/\/www.minader.cm\/index.php\/wp-json\/wp\/v2\/pages"}],"about":[{"href":"https:\/\/www.minader.cm\/index.php\/wp-json\/wp\/v2\/types\/page"}],"author":[{"embeddable":true,"href":"https:\/\/www.minader.cm\/index.php\/wp-json\/wp\/v2\/users\/1"}],"replies":[{"embeddable":true,"href":"https:\/\/www.minader.cm\/index.php\/wp-json\/wp\/v2\/comments?post=1481"}],"version-history":[{"count":2,"href":"https:\/\/www.minader.cm\/index.php\/wp-json\/wp\/v2\/pages\/1481\/revisions"}],"predecessor-version":[{"id":5378,"href":"https:\/\/www.minader.cm\/index.php\/wp-json\/wp\/v2\/pages\/1481\/revisions\/5378"}],"wp:attachment":[{"href":"https:\/\/www.minader.cm\/index.php\/wp-json\/wp\/v2\/media?parent=1481"}],"curies":[{"name":"wp","href":"https:\/\/api.w.org\/{rel}","templated":true}]}}