{"id":1443,"date":"2020-01-13T10:12:11","date_gmt":"2020-01-13T10:12:11","guid":{"rendered":"http:\/\/www.minader.cm\/?page_id=1443"},"modified":"2025-11-04T10:43:28","modified_gmt":"2025-11-04T10:43:28","slug":"delegation-regionale-de-lest","status":"publish","type":"page","link":"https:\/\/www.minader.cm\/index.php\/delegation-regionale-de-lest\/","title":{"rendered":"D\u00e9l\u00e9gation R\u00e9gionale de l&rsquo;Est"},"content":{"rendered":"\n<figure class=\"wp-block-image size-large\"><img loading=\"lazy\" decoding=\"async\" width=\"763\" height=\"1080\" src=\"https:\/\/i0.wp.com\/www.minader.cm\/wp-content\/uploads\/2022\/12\/IMG-20221214-WA0049.jpg?fit=669%2C948&amp;ssl=1\" alt=\"\" class=\"wp-image-4702\" srcset=\"https:\/\/i0.wp.com\/www.minader.cm\/wp-content\/uploads\/2022\/12\/IMG-20221214-WA0049.jpg?w=763&amp;ssl=1 763w, https:\/\/i0.wp.com\/www.minader.cm\/wp-content\/uploads\/2022\/12\/IMG-20221214-WA0049.jpg?resize=212%2C300&amp;ssl=1 212w, https:\/\/i0.wp.com\/www.minader.cm\/wp-content\/uploads\/2022\/12\/IMG-20221214-WA0049.jpg?resize=723%2C1024&amp;ssl=1 723w\" sizes=\"auto, (max-width: 669px) 100vw, 669px\" \/><\/figure>\n\n\n\n<p class=\"has-text-align-center has-black-color has-cyan-bluish-gray-background-color has-text-color has-background\"><strong><em>Effectivit\u00e9 des march\u00e9s t\u00e9moins (2022) dans les quatre chefs lieux de D\u00e9partements de la R\u00e9gion de l&rsquo;Est<\/em><\/strong><\/p>\n\n\n\n<figure class=\"wp-block-gallery columns-3 is-cropped wp-block-gallery-1 is-layout-flex wp-block-gallery-is-layout-flex\"><ul class=\"blocks-gallery-grid\"><li class=\"blocks-gallery-item\"><figure><img data-recalc-dims=\"1\" loading=\"lazy\" decoding=\"async\" width=\"669\" height=\"301\" src=\"https:\/\/i0.wp.com\/www.minader.cm\/wp-content\/uploads\/2022\/12\/IMG-20221230-WA0007.jpg?resize=669%2C301&#038;ssl=1\" alt=\"\" data-id=\"4906\" class=\"wp-image-4906\" srcset=\"https:\/\/i0.wp.com\/www.minader.cm\/wp-content\/uploads\/2022\/12\/IMG-20221230-WA0007.jpg?resize=1024%2C461&amp;ssl=1 1024w, https:\/\/i0.wp.com\/www.minader.cm\/wp-content\/uploads\/2022\/12\/IMG-20221230-WA0007.jpg?resize=300%2C135&amp;ssl=1 300w, https:\/\/i0.wp.com\/www.minader.cm\/wp-content\/uploads\/2022\/12\/IMG-20221230-WA0007.jpg?resize=768%2C346&amp;ssl=1 768w, https:\/\/i0.wp.com\/www.minader.cm\/wp-content\/uploads\/2022\/12\/IMG-20221230-WA0007.jpg?w=1040&amp;ssl=1 1040w\" sizes=\"auto, (max-width: 669px) 100vw, 669px\" \/><\/figure><\/li><li class=\"blocks-gallery-item\"><figure><img data-recalc-dims=\"1\" loading=\"lazy\" decoding=\"async\" width=\"669\" height=\"301\" src=\"https:\/\/i0.wp.com\/www.minader.cm\/wp-content\/uploads\/2022\/12\/IMG-20221230-WA0010.jpg?resize=669%2C301&#038;ssl=1\" alt=\"\" data-id=\"4907\" class=\"wp-image-4907\" srcset=\"https:\/\/i0.wp.com\/www.minader.cm\/wp-content\/uploads\/2022\/12\/IMG-20221230-WA0010.jpg?resize=1024%2C461&amp;ssl=1 1024w, https:\/\/i0.wp.com\/www.minader.cm\/wp-content\/uploads\/2022\/12\/IMG-20221230-WA0010.jpg?resize=300%2C135&amp;ssl=1 300w, https:\/\/i0.wp.com\/www.minader.cm\/wp-content\/uploads\/2022\/12\/IMG-20221230-WA0010.jpg?resize=768%2C346&amp;ssl=1 768w, https:\/\/i0.wp.com\/www.minader.cm\/wp-content\/uploads\/2022\/12\/IMG-20221230-WA0010.jpg?w=1040&amp;ssl=1 1040w\" sizes=\"auto, (max-width: 669px) 100vw, 669px\" \/><\/figure><\/li><li class=\"blocks-gallery-item\"><figure><img data-recalc-dims=\"1\" loading=\"lazy\" decoding=\"async\" width=\"669\" height=\"301\" src=\"https:\/\/i0.wp.com\/www.minader.cm\/wp-content\/uploads\/2022\/12\/IMG-20221230-WA0005.jpg?resize=669%2C301&#038;ssl=1\" alt=\"\" data-id=\"4909\" class=\"wp-image-4909\" srcset=\"https:\/\/i0.wp.com\/www.minader.cm\/wp-content\/uploads\/2022\/12\/IMG-20221230-WA0005.jpg?resize=1024%2C461&amp;ssl=1 1024w, https:\/\/i0.wp.com\/www.minader.cm\/wp-content\/uploads\/2022\/12\/IMG-20221230-WA0005.jpg?resize=300%2C135&amp;ssl=1 300w, https:\/\/i0.wp.com\/www.minader.cm\/wp-content\/uploads\/2022\/12\/IMG-20221230-WA0005.jpg?resize=768%2C346&amp;ssl=1 768w, https:\/\/i0.wp.com\/www.minader.cm\/wp-content\/uploads\/2022\/12\/IMG-20221230-WA0005.jpg?w=1040&amp;ssl=1 1040w\" sizes=\"auto, (max-width: 669px) 100vw, 669px\" \/><\/figure><\/li><li class=\"blocks-gallery-item\"><figure><img data-recalc-dims=\"1\" loading=\"lazy\" decoding=\"async\" width=\"300\" height=\"138\" src=\"https:\/\/i0.wp.com\/www.minader.cm\/wp-content\/uploads\/2022\/12\/IMG-20221230-WA0009.jpg?resize=300%2C138&#038;ssl=1\" alt=\"\" data-id=\"4913\" class=\"wp-image-4913\" srcset=\"https:\/\/i0.wp.com\/www.minader.cm\/wp-content\/uploads\/2022\/12\/IMG-20221230-WA0009.jpg?resize=300%2C138&amp;ssl=1 300w, https:\/\/i0.wp.com\/www.minader.cm\/wp-content\/uploads\/2022\/12\/IMG-20221230-WA0009.jpg?resize=768%2C354&amp;ssl=1 768w, https:\/\/i0.wp.com\/www.minader.cm\/wp-content\/uploads\/2022\/12\/IMG-20221230-WA0009.jpg?w=936&amp;ssl=1 936w\" sizes=\"auto, (max-width: 300px) 100vw, 300px\" \/><\/figure><\/li><li class=\"blocks-gallery-item\"><figure><img data-recalc-dims=\"1\" loading=\"lazy\" decoding=\"async\" width=\"669\" height=\"301\" src=\"https:\/\/i0.wp.com\/www.minader.cm\/wp-content\/uploads\/2022\/12\/IMG-20221230-WA0003.jpg?resize=669%2C301&#038;ssl=1\" alt=\"\" data-id=\"4915\" class=\"wp-image-4915\" srcset=\"https:\/\/i0.wp.com\/www.minader.cm\/wp-content\/uploads\/2022\/12\/IMG-20221230-WA0003.jpg?resize=1024%2C461&amp;ssl=1 1024w, https:\/\/i0.wp.com\/www.minader.cm\/wp-content\/uploads\/2022\/12\/IMG-20221230-WA0003.jpg?resize=300%2C135&amp;ssl=1 300w, https:\/\/i0.wp.com\/www.minader.cm\/wp-content\/uploads\/2022\/12\/IMG-20221230-WA0003.jpg?resize=768%2C346&amp;ssl=1 768w, https:\/\/i0.wp.com\/www.minader.cm\/wp-content\/uploads\/2022\/12\/IMG-20221230-WA0003.jpg?w=1040&amp;ssl=1 1040w\" sizes=\"auto, (max-width: 669px) 100vw, 669px\" \/><\/figure><\/li><li class=\"blocks-gallery-item\"><figure><img data-recalc-dims=\"1\" loading=\"lazy\" decoding=\"async\" width=\"300\" height=\"138\" src=\"https:\/\/i0.wp.com\/www.minader.cm\/wp-content\/uploads\/2022\/12\/IMG-20221230-WA0012.jpg?resize=300%2C138&#038;ssl=1\" alt=\"\" data-id=\"4908\" class=\"wp-image-4908\" srcset=\"https:\/\/i0.wp.com\/www.minader.cm\/wp-content\/uploads\/2022\/12\/IMG-20221230-WA0012.jpg?resize=300%2C138&amp;ssl=1 300w, https:\/\/i0.wp.com\/www.minader.cm\/wp-content\/uploads\/2022\/12\/IMG-20221230-WA0012.jpg?resize=768%2C354&amp;ssl=1 768w, https:\/\/i0.wp.com\/www.minader.cm\/wp-content\/uploads\/2022\/12\/IMG-20221230-WA0012.jpg?w=936&amp;ssl=1 936w\" sizes=\"auto, (max-width: 300px) 100vw, 300px\" \/><\/figure><\/li><li class=\"blocks-gallery-item\"><figure><img data-recalc-dims=\"1\" loading=\"lazy\" decoding=\"async\" width=\"300\" height=\"138\" src=\"https:\/\/i0.wp.com\/www.minader.cm\/wp-content\/uploads\/2022\/12\/IMG-20221230-WA0011.jpg?resize=300%2C138&#038;ssl=1\" alt=\"\" data-id=\"4911\" class=\"wp-image-4911\" srcset=\"https:\/\/i0.wp.com\/www.minader.cm\/wp-content\/uploads\/2022\/12\/IMG-20221230-WA0011.jpg?resize=300%2C138&amp;ssl=1 300w, https:\/\/i0.wp.com\/www.minader.cm\/wp-content\/uploads\/2022\/12\/IMG-20221230-WA0011.jpg?resize=768%2C354&amp;ssl=1 768w, https:\/\/i0.wp.com\/www.minader.cm\/wp-content\/uploads\/2022\/12\/IMG-20221230-WA0011.jpg?w=936&amp;ssl=1 936w\" sizes=\"auto, (max-width: 300px) 100vw, 300px\" \/><\/figure><\/li><li class=\"blocks-gallery-item\"><figure><img data-recalc-dims=\"1\" loading=\"lazy\" decoding=\"async\" width=\"669\" height=\"301\" src=\"https:\/\/i0.wp.com\/www.minader.cm\/wp-content\/uploads\/2022\/12\/IMG-20221230-WA0004.jpg?resize=669%2C301&#038;ssl=1\" alt=\"\" data-id=\"4910\" class=\"wp-image-4910\" srcset=\"https:\/\/i0.wp.com\/www.minader.cm\/wp-content\/uploads\/2022\/12\/IMG-20221230-WA0004.jpg?resize=1024%2C461&amp;ssl=1 1024w, https:\/\/i0.wp.com\/www.minader.cm\/wp-content\/uploads\/2022\/12\/IMG-20221230-WA0004.jpg?resize=300%2C135&amp;ssl=1 300w, https:\/\/i0.wp.com\/www.minader.cm\/wp-content\/uploads\/2022\/12\/IMG-20221230-WA0004.jpg?resize=768%2C346&amp;ssl=1 768w, https:\/\/i0.wp.com\/www.minader.cm\/wp-content\/uploads\/2022\/12\/IMG-20221230-WA0004.jpg?w=1040&amp;ssl=1 1040w\" sizes=\"auto, (max-width: 669px) 100vw, 669px\" \/><\/figure><\/li><li class=\"blocks-gallery-item\"><figure><img data-recalc-dims=\"1\" loading=\"lazy\" decoding=\"async\" width=\"669\" height=\"301\" src=\"https:\/\/i0.wp.com\/www.minader.cm\/wp-content\/uploads\/2022\/12\/IMG-20221230-WA0008.jpg?resize=669%2C301&#038;ssl=1\" alt=\"\" data-id=\"4914\" class=\"wp-image-4914\" srcset=\"https:\/\/i0.wp.com\/www.minader.cm\/wp-content\/uploads\/2022\/12\/IMG-20221230-WA0008.jpg?resize=1024%2C461&amp;ssl=1 1024w, https:\/\/i0.wp.com\/www.minader.cm\/wp-content\/uploads\/2022\/12\/IMG-20221230-WA0008.jpg?resize=300%2C135&amp;ssl=1 300w, https:\/\/i0.wp.com\/www.minader.cm\/wp-content\/uploads\/2022\/12\/IMG-20221230-WA0008.jpg?resize=768%2C346&amp;ssl=1 768w, https:\/\/i0.wp.com\/www.minader.cm\/wp-content\/uploads\/2022\/12\/IMG-20221230-WA0008.jpg?w=1040&amp;ssl=1 1040w\" sizes=\"auto, (max-width: 669px) 100vw, 669px\" \/><\/figure><\/li><li class=\"blocks-gallery-item\"><figure><img data-recalc-dims=\"1\" loading=\"lazy\" decoding=\"async\" width=\"669\" height=\"301\" src=\"https:\/\/i0.wp.com\/www.minader.cm\/wp-content\/uploads\/2022\/12\/IMG-20221230-WA0002.jpg?resize=669%2C301&#038;ssl=1\" alt=\"\" data-id=\"4912\" class=\"wp-image-4912\" srcset=\"https:\/\/i0.wp.com\/www.minader.cm\/wp-content\/uploads\/2022\/12\/IMG-20221230-WA0002.jpg?resize=1024%2C461&amp;ssl=1 1024w, https:\/\/i0.wp.com\/www.minader.cm\/wp-content\/uploads\/2022\/12\/IMG-20221230-WA0002.jpg?resize=300%2C135&amp;ssl=1 300w, https:\/\/i0.wp.com\/www.minader.cm\/wp-content\/uploads\/2022\/12\/IMG-20221230-WA0002.jpg?resize=768%2C346&amp;ssl=1 768w, https:\/\/i0.wp.com\/www.minader.cm\/wp-content\/uploads\/2022\/12\/IMG-20221230-WA0002.jpg?w=1040&amp;ssl=1 1040w\" sizes=\"auto, (max-width: 669px) 100vw, 669px\" \/><\/figure><\/li><li class=\"blocks-gallery-item\"><figure><img data-recalc-dims=\"1\" loading=\"lazy\" decoding=\"async\" width=\"669\" height=\"301\" src=\"https:\/\/i0.wp.com\/www.minader.cm\/wp-content\/uploads\/2022\/12\/IMG-20221230-WA0006.jpg?resize=669%2C301&#038;ssl=1\" alt=\"\" data-id=\"4916\" class=\"wp-image-4916\" srcset=\"https:\/\/i0.wp.com\/www.minader.cm\/wp-content\/uploads\/2022\/12\/IMG-20221230-WA0006.jpg?resize=1024%2C461&amp;ssl=1 1024w, https:\/\/i0.wp.com\/www.minader.cm\/wp-content\/uploads\/2022\/12\/IMG-20221230-WA0006.jpg?resize=300%2C135&amp;ssl=1 300w, https:\/\/i0.wp.com\/www.minader.cm\/wp-content\/uploads\/2022\/12\/IMG-20221230-WA0006.jpg?resize=768%2C346&amp;ssl=1 768w, https:\/\/i0.wp.com\/www.minader.cm\/wp-content\/uploads\/2022\/12\/IMG-20221230-WA0006.jpg?w=1040&amp;ssl=1 1040w\" sizes=\"auto, (max-width: 669px) 100vw, 669px\" \/><\/figure><\/li><\/ul><figcaption class=\"blocks-gallery-caption wp-element-caption\">Effectivit\u00e9 des march\u00e9s t\u00e9moins dans les quatre chefs lieux de D\u00e9partements de la R\u00e9gion de l&rsquo;Est<\/figcaption><\/figure>\n\n\n\n<p><strong><em><mark style=\"background-color:#00d084\" class=\"has-inline-color\">Caract\u00e9risation des Postes Agricoles de la r\u00e9gion de l&rsquo;Est : Proc\u00e9dure de collecte des donn\u00e9es de terrain<\/mark><\/em><\/strong><\/p>\n\n\n\n<div class=\"wp-block-media-text alignwide is-stacked-on-mobile\" style=\"grid-template-columns:53% auto\"><figure class=\"wp-block-media-text__media\"><img data-recalc-dims=\"1\" loading=\"lazy\" decoding=\"async\" width=\"669\" height=\"937\" src=\"https:\/\/i0.wp.com\/www.minader.cm\/wp-content\/uploads\/2025\/10\/IMG-20251030-WA0051-1.jpg?resize=669%2C937&#038;ssl=1\" alt=\"\" class=\"wp-image-7046 size-full\" srcset=\"https:\/\/i0.wp.com\/www.minader.cm\/wp-content\/uploads\/2025\/10\/IMG-20251030-WA0051-1.jpg?resize=731%2C1024&amp;ssl=1 731w, https:\/\/i0.wp.com\/www.minader.cm\/wp-content\/uploads\/2025\/10\/IMG-20251030-WA0051-1.jpg?resize=214%2C300&amp;ssl=1 214w, https:\/\/i0.wp.com\/www.minader.cm\/wp-content\/uploads\/2025\/10\/IMG-20251030-WA0051-1.jpg?resize=768%2C1076&amp;ssl=1 768w, https:\/\/i0.wp.com\/www.minader.cm\/wp-content\/uploads\/2025\/10\/IMG-20251030-WA0051-1.jpg?w=771&amp;ssl=1 771w\" sizes=\"auto, (max-width: 669px) 100vw, 669px\" \/><\/figure><div class=\"wp-block-media-text__content\">\n<p class=\"has-text-align-center\"> <strong>Caract\u00e9risation des Postes Agricoles de la r\u00e9gion de l&rsquo;Est : Proc\u00e9dure de collecte des donn\u00e9es de terrain<\/strong><\/p>\n<\/div><\/div>\n\n\n\n<figure class=\"wp-block-gallery has-nested-images columns-default is-cropped wp-block-gallery-2 is-layout-flex wp-block-gallery-is-layout-flex\">\n<figure class=\"wp-block-image size-large\"><img data-recalc-dims=\"1\" loading=\"lazy\" decoding=\"async\" width=\"540\" height=\"949\" data-id=\"7050\" src=\"https:\/\/i0.wp.com\/www.minader.cm\/wp-content\/uploads\/2025\/10\/IMG-20251029-WA0014.jpg?resize=540%2C949&#038;ssl=1\" alt=\"\" class=\"wp-image-7050\" srcset=\"https:\/\/i0.wp.com\/www.minader.cm\/wp-content\/uploads\/2025\/10\/IMG-20251029-WA0014.jpg?w=540&amp;ssl=1 540w, https:\/\/i0.wp.com\/www.minader.cm\/wp-content\/uploads\/2025\/10\/IMG-20251029-WA0014.jpg?resize=171%2C300&amp;ssl=1 171w\" sizes=\"auto, (max-width: 540px) 100vw, 540px\" \/><\/figure>\n\n\n\n<figure class=\"wp-block-image size-large\"><img data-recalc-dims=\"1\" loading=\"lazy\" decoding=\"async\" width=\"669\" height=\"922\" data-id=\"7048\" src=\"https:\/\/i0.wp.com\/www.minader.cm\/wp-content\/uploads\/2025\/10\/IMG-20251030-WA0050-2.jpg?resize=669%2C922&#038;ssl=1\" alt=\"\" class=\"wp-image-7048\" srcset=\"https:\/\/i0.wp.com\/www.minader.cm\/wp-content\/uploads\/2025\/10\/IMG-20251030-WA0050-2.jpg?w=784&amp;ssl=1 784w, https:\/\/i0.wp.com\/www.minader.cm\/wp-content\/uploads\/2025\/10\/IMG-20251030-WA0050-2.jpg?resize=218%2C300&amp;ssl=1 218w, https:\/\/i0.wp.com\/www.minader.cm\/wp-content\/uploads\/2025\/10\/IMG-20251030-WA0050-2.jpg?resize=743%2C1024&amp;ssl=1 743w, https:\/\/i0.wp.com\/www.minader.cm\/wp-content\/uploads\/2025\/10\/IMG-20251030-WA0050-2.jpg?resize=768%2C1058&amp;ssl=1 768w\" sizes=\"auto, (max-width: 669px) 100vw, 669px\" \/><\/figure>\n\n\n\n<figure class=\"wp-block-image size-large\"><img data-recalc-dims=\"1\" loading=\"lazy\" decoding=\"async\" width=\"669\" height=\"944\" data-id=\"7042\" src=\"https:\/\/i0.wp.com\/www.minader.cm\/wp-content\/uploads\/2025\/10\/IMG-20251030-WA0052.jpg?resize=669%2C944&#038;ssl=1\" alt=\"\" class=\"wp-image-7042\" srcset=\"https:\/\/i0.wp.com\/www.minader.cm\/wp-content\/uploads\/2025\/10\/IMG-20251030-WA0052.jpg?w=765&amp;ssl=1 765w, https:\/\/i0.wp.com\/www.minader.cm\/wp-content\/uploads\/2025\/10\/IMG-20251030-WA0052.jpg?resize=213%2C300&amp;ssl=1 213w, https:\/\/i0.wp.com\/www.minader.cm\/wp-content\/uploads\/2025\/10\/IMG-20251030-WA0052.jpg?resize=725%2C1024&amp;ssl=1 725w\" sizes=\"auto, (max-width: 669px) 100vw, 669px\" \/><\/figure>\n<\/figure>\n","protected":false},"excerpt":{"rendered":"<p>Effectivit\u00e9 des march\u00e9s t\u00e9moins (2022) dans les quatre chefs lieux de D\u00e9partements de la R\u00e9gion de l&rsquo;Est Caract\u00e9risation des Postes Agricoles de la r\u00e9gion de l&rsquo;Est : Proc\u00e9dure de collecte des donn\u00e9es de terrain Caract\u00e9risation des Postes Agricoles de la r\u00e9gion de l&rsquo;Est : Proc\u00e9dure de collecte des donn\u00e9es de terrain<\/p>\n","protected":false},"author":1,"featured_media":0,"parent":0,"menu_order":0,"comment_status":"closed","ping_status":"closed","template":"","meta":{"footnotes":""},"class_list":["post-1443","page","type-page","status-publish","hentry"],"jetpack_sharing_enabled":true,"jetpack_likes_enabled":true,"_links":{"self":[{"href":"https:\/\/www.minader.cm\/index.php\/wp-json\/wp\/v2\/pages\/1443","targetHints":{"allow":["GET"]}}],"collection":[{"href":"https:\/\/www.minader.cm\/index.php\/wp-json\/wp\/v2\/pages"}],"about":[{"href":"https:\/\/www.minader.cm\/index.php\/wp-json\/wp\/v2\/types\/page"}],"author":[{"embeddable":true,"href":"https:\/\/www.minader.cm\/index.php\/wp-json\/wp\/v2\/users\/1"}],"replies":[{"embeddable":true,"href":"https:\/\/www.minader.cm\/index.php\/wp-json\/wp\/v2\/comments?post=1443"}],"version-history":[{"count":5,"href":"https:\/\/www.minader.cm\/index.php\/wp-json\/wp\/v2\/pages\/1443\/revisions"}],"predecessor-version":[{"id":7053,"href":"https:\/\/www.minader.cm\/index.php\/wp-json\/wp\/v2\/pages\/1443\/revisions\/7053"}],"wp:attachment":[{"href":"https:\/\/www.minader.cm\/index.php\/wp-json\/wp\/v2\/media?parent=1443"}],"curies":[{"name":"wp","href":"https:\/\/api.w.org\/{rel}","templated":true}]}}