{"id":128,"date":"2016-06-22T11:52:30","date_gmt":"2016-06-22T11:52:30","guid":{"rendered":"http:\/\/www.minader.cm\/?page_id=128"},"modified":"2023-02-21T13:13:05","modified_gmt":"2023-02-21T13:13:05","slug":"organismes-sous-tutelles","status":"publish","type":"page","link":"https:\/\/www.minader.cm\/index.php\/nos-institutions\/organismes-sous-tutelles\/","title":{"rendered":"Organismes sous-tutelles"},"content":{"rendered":"<div class=\"wondercarousellightbox_options\" data-skinsfoldername=\"\"  data-jsfolder=\"https:\/\/www.minader.cm\/wp-content\/plugins\/wonderplugin-carousel\/engine\/\" style=\"display:none;\"><\/div>\r\n<style type=\"text\/css\">@import url(https:\/\/fonts.googleapis.com\/css?family=Open+Sans);   #wonderplugincarousel-24 .amazingcarousel-image {\t \tposition: relative; \tpadding: 4px; }  #wonderplugincarousel-24 .amazingcarousel-image img { \tdisplay: block; \twidth: 100%; \tmax-width: 100%; \tborder: 0; \tmargin: 0; \tpadding: 0; \t-moz-border-radius: 0px; \t-webkit-border-radius: 0px; \tborder-radius: 0px; \t-moz-box-shadow:  0 1px 4px rgba(0, 0, 0, 0.2); \t-webkit-box-shadow: 0 1px 4px rgba(0, 0, 0, 0.2); \tbox-shadow: 0 1px 4px rgba(0, 0, 0, 0.2); }  #wonderplugincarousel-24 .amazingcarousel-title { \tposition:relative; \tfont:14px \"Open Sans\", sans-serif; \tcolor:#333333; \tmargin:6px; \ttext-align:center; \ttext-shadow:0px 1px 1px #fff; }  #wonderplugincarousel-24 .amazingcarousel-list-container {  \tpadding: 16px 0; }  #wonderplugincarousel-24 .amazingcarousel-item-container { \ttext-align: center; \tpadding: 4px; \tbackground-color: #fff; \tborder: 1px solid #ddd; \t-moz-box-shadow: 0px 0px 5px 1px rgba(96, 96, 96, 0.1); \t-webkit-box-shadow: 0px 0px 5px 1px rgba(96, 96, 96, 0.1); \tbox-shadow: 0px 0px 5px 1px rgba(96, 96, 96, 0.1); }  #wonderplugincarousel-24 .amazingcarousel-prev { \tleft: 0%; \ttop: 50%; \tmargin-left: -48px; \tmargin-top: -16px; }  #wonderplugincarousel-24 .amazingcarousel-next { \tright: 0%; \ttop: 50%; \tmargin-right: -48px; \tmargin-top: -16px; }  #wonderplugincarousel-24 .amazingcarousel-nav { \tposition: absolute; \twidth: 100%; \ttop: 100%; }  #wonderplugincarousel-24 .amazingcarousel-bullet-wrapper { \tmargin: 4px auto; }  .amazingcarousel-socialmedia-button { \tdisplay: inline-block; \tmargin: 4px; }  .amazingcarousel-socialmedia-button a { \tbox-shadow: none; }  .amazingcarousel-socialmedia-icon { \tdisplay:table-cell; \twidth:32px; \theight:32px; \tfont-size:18px; \tborder-radius:50%; \tcolor:#fff; \tvertical-align:middle; \ttext-align:center; \tcursor:pointer; \tpadding:0; }  .amazingcarousel-socialmedia-rotate { \ttransition: transform .4s ease-in;  }   .amazingcarousel-socialmedia-rotate:hover {  \ttransform: rotate(360deg);  }<\/style><div class=\"wonderplugincarousel-container\" id=\"wonderplugincarousel-container-24\"><div class=\"wonderplugincarousel\" id=\"wonderplugincarousel-24\" data-carouselid=\"24\" data-width=\"240\" data-height=\"180\" data-skin=\"classic\" data-showimgtitle=\"false\" data-sameheight=\"false\" data-sameheightresponsive=\"false\" data-fullwidth=\"false\" data-centerimage=\"true\" data-fitimage=\"false\" data-fitcenterimage=\"false\" data-fixaspectratio=\"true\" data-autoplay=\"true\" data-random=\"false\" data-circular=\"true\" data-pauseonmouseover=\"true\" data-continuous=\"false\" data-responsive=\"true\" data-showhoveroverlay=\"true\" data-showhoveroverlayalways=\"false\" data-hidehoveroverlayontouch=\"false\" data-lightboxresponsive=\"true\" data-lightboxshownavigation=\"false\" data-lightboxnogroup=\"false\" data-lightboxshowtitle=\"true\" data-lightboxshowdescription=\"false\" data-lightboxaddsocialmedia=\"false\" data-usescreenquery=\"false\" data-donotinit=\"false\" data-addinitscript=\"false\" data-doshortcodeontext=\"false\" data-lightboxshowsocial=\"false\" data-lightboxshowfacebook=\"true\" data-lightboxshowtwitter=\"true\" data-lightboxshowpinterest=\"true\" data-lightboxsocialrotateeffect=\"true\" data-donotcircularforless=\"false\" data-hidecontainerbeforeloaded=\"false\" data-hidecontaineroninit=\"true\" data-lightboximagekeepratio=\"true\" data-showplayvideo=\"true\" data-triggerresize=\"false\" data-lightboxfullscreenmode=\"false\" data-lightboxcloseonoverlay=\"true\" data-lightboxvideohidecontrols=\"false\" data-lightboxautoslide=\"false\" data-lightboxshowtimer=\"true\" data-lightboxshowplaybutton=\"true\" data-lightboxalwaysshownavarrows=\"false\" data-lightboxshowtitleprefix=\"true\" data-spacing=\"18\" data-rownumber=\"1\" data-visibleitems=\"3\" data-arrowstyle=\"always\" data-arrowimage=\"arrows-32-32-2.png\" data-arrowwidth=\"32\" data-arrowheight=\"32\" data-navstyle=\"bullets\" data-navimage=\"bullet-16-16-0.png\" data-navwidth=\"16\" data-navheight=\"16\" data-navspacing=\"8\" data-hoveroverlayimage=\"hoveroverlay-64-64-3.png\" data-lightboxthumbwidth=\"90\" data-lightboxthumbheight=\"60\" data-lightboxthumbtopmargin=\"12\" data-lightboxthumbbottommargin=\"4\" data-lightboxbarheight=\"64\" data-lightboxtitlebottomcss=\"{color:#333; font-size:14px; font-family:Armata,sans-serif,Arial; overflow:hidden; text-align:left;}\" data-lightboxdescriptionbottomcss=\"{color:#333; font-size:12px; font-family:Arial,Helvetica,sans-serif; overflow:hidden; text-align:left; margin:4px 0px 0px; padding: 0px;}\" data-continuousduration=\"2500\" data-autoplaydir=\"left\" data-scrollmode=\"page\" data-interval=\"3000\" data-transitionduration=\"1000\" data-lightboxtitlestyle=\"bottom\" data-lightboximagepercentage=\"75\" data-lightboxdefaultvideovolume=\"1\" data-lightboxoverlaybgcolor=\"#000\" data-lightboxoverlayopacity=\"0.9\" data-lightboxbgcolor=\"#fff\" data-lightboxtitleprefix=\"%NUM \/ %TOTAL\" data-lightboxtitleinsidecss=\"color:#fff; font-size:16px; font-family:Arial,Helvetica,sans-serif; overflow:hidden; text-align:left;\" data-lightboxdescriptioninsidecss=\"color:#fff; font-size:12px; font-family:Arial,Helvetica,sans-serif; overflow:hidden; text-align:left; margin:4px 0px 0px; padding: 0px;\" data-playvideoimage=\"playvideo-64-64-0.png\" data-playvideoimagepos=\"center\" data-imgtitle=\"title\" data-circularlimit=\"3\" data-lightboxsocialposition=\"position:absolute;top:100%;right:0;\" data-lightboxsocialpositionsmallscreen=\"position:absolute;top:100%;right:0;left:0;\" data-lightboxsocialdirection=\"horizontal\" data-lightboxsocialbuttonsize=\"32\" data-lightboxsocialbuttonfontsize=\"18\" data-sameheightmediumscreen=\"769\" data-sameheightmediumheight=\"200\" data-sameheightsmallscreen=\"415\" data-sameheightsmallheight=\"150\" data-triggerresizedelay=\"100\" data-lightboxslideinterval=\"5000\" data-lightboxtimerposition=\"bottom\" data-lightboxtimercolor=\"#dc572e\" data-lightboxtimeropacity=\"1\" data-lightboxbordersize=\"8\" data-lightboxborderradius=\"0\" data-screenquery='{ \"tablet\": { \"screenwidth\": 800, \"visibleitems\": 2 }, \"mobile\": { \"screenwidth\": 480, \"visibleitems\": 1 } }' data-jsfolder=\"https:\/\/www.minader.cm\/wp-content\/plugins\/wonderplugin-carousel\/engine\/\" style=\"display:none;position:relative;margin:0 auto;width:100%;max-width:720px;\" ><div class=\"amazingcarousel-list-container\" style=\"overflow:hidden;\"><ul class=\"amazingcarousel-list\"><li class=\"amazingcarousel-item\"><div class=\"amazingcarousel-item-container\"><div class=\"amazingcarousel-image\"><a href=\"https:\/\/www.minader.cm\/index.php\/2023\/02\/20\/mideno\/\"><img decoding=\"async\" src=\"https:\/\/i0.wp.com\/www.minader.cm\/wp-content\/uploads\/2023\/02\/1581501653.jpg?resize=150%2C150&ssl=1\" alt=\"MIDENO\" data-description=\"North West Development Authority - Mideno Ayaba street, old town Bamenda , Bamenda, Cameroon info@mideno.org mideno.org The North West development authority MIDENO was created by presidential decree No 81\/350 of 13\/8\/81. The institution oversees rural development projects in the North West region. Director General of the North West Development Authority ( MIDENO) . MATOYA CLETUS\" \/><\/a><\/div>\n<div class=\"amazingcarousel-title\">MIDENO<\/div><\/div><\/li><li class=\"amazingcarousel-item\"><div class=\"amazingcarousel-item-container\"><div class=\"amazingcarousel-image\"><a href=\"https:\/\/www.minader.cm\/index.php\/2023\/02\/20\/capef\/\"><img decoding=\"async\" src=\"https:\/\/i0.wp.com\/www.minader.cm\/wp-content\/uploads\/2023\/02\/telechargement-11.jpeg?resize=150%2C150&ssl=1\" alt=\"CAPEF\" data-description=\"CHAMBRE D&#39;AGRICULTURE, DES PECHES, DE L&#39;ELEVAGE ET DES FORETS DU CAMEROUN Yaound\u00e9, Cameroun http:\/\/www.capefcmr.cm\/ Tel: +237 2 22 22 18 41 Email: info@capefcmr.cm Missions Depuis sa cr\u00e9ation le CAPEF ne cesse d&#39;\u00e9ffectuer des missions. La chambre constitue aupr\u00e8s des pouvoirs publics, l\u2019organe consultatif et repr\u00e9sentatif des int\u00e9r\u00eats des professionnels de l\u2019agriculture, de la p\u00eache, de\u2026\" \/><\/a><\/div>\n<div class=\"amazingcarousel-title\">CAPEF<\/div><\/div><\/li><li class=\"amazingcarousel-item\"><div class=\"amazingcarousel-item-container\"><div class=\"amazingcarousel-image\"><a href=\"https:\/\/www.minader.cm\/index.php\/2023\/02\/20\/soweda\/\"><img decoding=\"async\" src=\"https:\/\/i0.wp.com\/www.minader.cm\/wp-content\/uploads\/2023\/02\/1652614901.jpg?resize=150%2C150&ssl=1\" alt=\"SOWEDA\" data-description=\"THE SOUTH WEST DEVELOPMENT AUTHORITY P.O BOX 336 BUEA, S.W. REGIONsowedabuea@gmail.com (237) 233 32 26 22|(237) 233 32 28 05 https:\/\/soweda.cm https:\/\/www.facebook.com\/SOWEDA\/ Our Mission SOWEDA\u2019s chief mission is the continuous pursuit of ways to raise the standards of living of the rural population through agricultural development and the improvement of infrastructure like roads, markets, water\u2026\" \/><\/a><\/div>\n<div class=\"amazingcarousel-title\">SOWEDA<\/div><\/div><\/li><li class=\"amazingcarousel-item\"><div class=\"amazingcarousel-item-container\"><div class=\"amazingcarousel-image\"><a href=\"https:\/\/www.minader.cm\/index.php\/2023\/02\/20\/ceneema\/\"><img decoding=\"async\" src=\"https:\/\/i0.wp.com\/www.minader.cm\/wp-content\/uploads\/2023\/02\/telechargement-10.jpeg?resize=150%2C150&ssl=1\" alt=\"CENEEMA\" data-description=\"CENTRE NATIONAL D&#39;ETUDE ET D&#39;EXPERIMENTATION DU MACHINISME AGRICOLE BP. 1040 Yaound\u00e9, Nkolbisson- Cameroun Tel: + 237 222 22 33 54 Email: ceneema@gmail.com https:\/\/ceneema.cm\/ Site Web Faire rena\u00eetre le machinisme agricole Le CENEEMA \u00e0 pour mission la mise en oeuvre de la politique gouvernementale en mati\u00e8re de m\u00e9canique agricole. A ce tire, six missions lui sont\u2026\" \/><\/a><\/div>\n<div class=\"amazingcarousel-title\">CENEEMA<\/div><\/div><\/li><li class=\"amazingcarousel-item\"><div class=\"amazingcarousel-item-container\"><div class=\"amazingcarousel-image\"><a href=\"https:\/\/www.minader.cm\/index.php\/2023\/02\/20\/sodecao\/\"><img decoding=\"async\" src=\"https:\/\/i0.wp.com\/www.minader.cm\/wp-content\/uploads\/2023\/02\/telechargement-9.jpeg?resize=150%2C150&ssl=1\" alt=\"SODECAO\" data-description=\"SOCIETE DE DEVELOPPEMENT DU CACAO https:\/\/www.fodecc.cm\/?page_id=3287 Boite postale: 1651, Yaound\u00e9 \/ Cameroun.&nbsp; &nbsp; &nbsp;T\u00e9l\u00e9phone n\u00b01: 222 30 45 44 Fax: 222 30 33 95&nbsp; &nbsp; &nbsp; &nbsp; &nbsp; &nbsp; &nbsp; &nbsp; &nbsp; &nbsp; &nbsp; Yaound\u00e9 \u2013brasseries du Cameroun &nbsp; &nbsp;Site web :&nbsp;contact@sodecao.cm Secteur d\u2019activit\u00e9: Production La production et diffusion des plants de cacaoyers performants&nbsp;;La production\u2026\" \/><\/a><\/div>\n<div class=\"amazingcarousel-title\">SODECAO<\/div><\/div><\/li><li class=\"amazingcarousel-item\"><div class=\"amazingcarousel-item-container\"><div class=\"amazingcarousel-image\"><a href=\"https:\/\/www.minader.cm\/index.php\/2023\/02\/16\/sodecoton\/\"><img decoding=\"async\" src=\"https:\/\/i0.wp.com\/www.minader.cm\/wp-content\/uploads\/2023\/02\/Sodecoton_logo.jpg?resize=150%2C150&ssl=1\" alt=\"SODECOTON\" data-description=\"SOCIETE DE DEVELOPPEMENT DE COTON DU CAMEROUN https:\/\/sodecoton.org\/ Contacts SIEGE SOCIAL: Rue Mgr Yves PlumeyBoite postale&nbsp;: B.P. 302Ville&nbsp;: GAROUAT\u00e9l\u00e9phone&nbsp;: (+237)222 27 10 80\/233 42 46 03Fax&nbsp;: (+237)222 27 20 68\/233 42 46 03Email&nbsp;: sodecoton@sodecoton.cmLocalisation&nbsp;: GAROUA DELEGATION YAOUNDE: Bastos face r\u00e9sidence Ambassadeur du Nig\u00e9riaBoite postale&nbsp;: B.P. 304Ville&nbsp;: YAOUNDET\u00e9l\u00e9phone&nbsp;: (+237)222 20 19 72Fax&nbsp;: (+237)222 20 19 72Email&nbsp;:\u2026\" \/><\/a><\/div>\n<div class=\"amazingcarousel-title\">SODECOTON<\/div><\/div><\/li><li class=\"amazingcarousel-item\"><div class=\"amazingcarousel-item-container\"><div class=\"amazingcarousel-image\"><a href=\"https:\/\/www.minader.cm\/index.php\/2023\/02\/14\/semry\/\"><img decoding=\"async\" src=\"https:\/\/i0.wp.com\/www.minader.cm\/wp-content\/uploads\/2023\/02\/telechargement-7.jpeg?resize=150%2C150&ssl=1\" alt=\"SEMRY\" data-description=\"SOCIETE D&#39;EXPANSION ET DE MODERNISATION DE LA RIZICULTURE DE YAGOUA Pr\u00e9sentation La SEMRY est une soci\u00e9t\u00e9 \u00e0 capital public avec l\u2019Etat comme actionnaire unique. Elle a \u00e9t\u00e9 cr\u00e9\u00e9e par D\u00e9cret Pr\u00e9sidentiel N\u00b0 71\/DF\/74 du 24 f\u00e9vrier 1971 et \u00e9tait alors inscrite dans la cat\u00e9gorie de \u00ab&nbsp;Soci\u00e9t\u00e9 de D\u00e9veloppement&nbsp;\u00bb. Le si\u00e8ge de la SEMRY est fix\u00e9\u2026\" \/><\/a><\/div>\n<div class=\"amazingcarousel-title\">SEMRY<\/div><\/div><\/li><li class=\"amazingcarousel-item\"><div class=\"amazingcarousel-item-container\"><div class=\"amazingcarousel-image\"><a href=\"https:\/\/www.minader.cm\/index.php\/2023\/02\/13\/cdc\/\"><img decoding=\"async\" src=\"https:\/\/i0.wp.com\/www.minader.cm\/wp-content\/uploads\/2023\/02\/CDC_Cameroon_logo.jpg?resize=150%2C98&ssl=1\" alt=\"CDC\" data-description=\"CAMEROON DEVELOPMENT CORPORATION The Cameroon Development Corporation (CDC) is an Agro-Industrial Enterprise incorporated in 1947 to acquire, develop and operate extensive plantations of tropical crops. CDC is solely owned by the State of Cameroon, under the technical supervision of the Ministry of Agriculture and Rural Development. The share capital is 53,503,180,084 billion FCFA. The Corporation\u2026\" \/><\/a><\/div>\n<div class=\"amazingcarousel-title\">CDC<\/div><\/div><\/li><\/ul><div class=\"amazingcarousel-prev\"><\/div><div class=\"amazingcarousel-next\"><\/div><\/div><div class=\"amazingcarousel-nav\"><\/div><\/div><\/div>\n\n\n<h3 style=\"text-align: center;\"><span style=\"color: #008000;\"><em><strong>CDC<\/strong> (Cameroon Development Corporation)<\/em><\/span><\/h3>\n<p>Directeur G\u00e9n\u00e9ral\u00a0: NGONIA IKOME NJIE Franklin<\/p>\n<p>Adresse\u00a0: BP\u00a0 <strong>Bota Limbe<\/strong><\/p>\n<p>Tel\u00a0: 222\u00a0223 351\u00a0\/ 233 332 654<\/p>\n<p>Fax\u00a0: 233332680<\/p>\n<h3 style=\"text-align: center;\"><span style=\"color: #008000;\"><em><strong>SODECOTON<\/strong> ( Soci\u00e9t\u00e9 de D\u00e9veloppement de Coton)<\/em><\/span><\/h3>\n<p>Directeur G\u00e9n\u00e9ral : Mohamadou BAYERO<\/p>\n<p>Si\u00e8ge\u00a0: GAROUA<\/p>\n<p>Adresse\u00a0: BP\u00a0\u00a0 <strong>Garoua\u00a0 <\/strong><\/p>\n<p><strong>Repr\u00e9sentation de Douala<\/strong>\u00a0: BP<strong>\u00a0:\u00a0\u00a0\u00a0 Douala<\/strong><\/p>\n<p><strong>Repr\u00e9sentation de Yaound\u00e9<\/strong>\u00a0: BP<strong>\u00a0\u00a0 Yaound\u00e9<\/strong><\/p>\n<p>Tel\u00a0: 699\u00a0989\u00a0813<\/p>\n<h3 style=\"text-align: center;\"><em><span style=\"color: #008000;\"><strong>SOWEDA<\/strong> (Mission de D\u00e9veloppement du Sud-Ouest )<\/span><\/em><\/h3>\n<p>Directeur G\u00e9n\u00e9ral : MR BESONG NTUI OGORK<\/p>\n<p>Adresse\u00a0: BP 336<strong> Buea<\/strong><\/p>\n<p>Tel\u00a0: 699 935 970<\/p>\n<p>233\u00a0322\u00a0622 \/233 322 66<\/p>\n<p>Fax\u00a0: 233\u00a0322\u00a0622<\/p>\n<h3 style=\"text-align: center;\"><em><span style=\"color: #008000;\"><strong>MIDENO<\/strong> (Mission de D\u00e9veloppement de la R\u00e9gion du Nord-Ouest)<\/span><\/em><\/h3>\n<p>Directeur G\u00e9n\u00e9ral : MATOYA Cletus<\/p>\n<p>Adresse\u00a0: BP 442 <strong>Bamenda<\/strong><\/p>\n<p>Tel\u00a0: 233\u00a0361\u00a0378\u00a0\/ 677\u00a0704\u00a0325<\/p>\n<p>Fax\u00a0: 233 361\u00a0161<\/p>\n<h3 style=\"text-align: center;\"><em><span style=\"color: #008000;\"><strong>SEMRY<\/strong> (Soci\u00e9t\u00e9 d\u2019Expansion et de Modernisation de la Riziculture de Yagoua)<\/span><\/em><\/h3>\n<p>Directeur G\u00e9n\u00e9ral : FISSOU KOUMA<\/p>\n<p>Adresse\u00a0: BP 46\u00a0 <strong>Yagoua<\/strong><\/p>\n<p>Tel\u00a0: 222\u00a0296 188\u00a0\/ 222 296 203<\/p>\n<p>Fax\u00a0: 222 296\u00a0287<\/p>\n<h3 style=\"text-align: center;\"><span style=\"color: #008000;\"><em><strong>SODECAO<\/strong> (Soci\u00e9t\u00e9 de D\u00e9veloppement du Cacao)<\/em><\/span><\/h3>\n<p>Directeur G\u00e9n\u00e9ral : EKO&rsquo;O EKOAFANE Jean Claude<\/p>\n<p>Adresse\u00a0: BP\u00a0\u00a0\u00a0\u00a0\u00a0\u00a0 <strong>Yaound\u00e9<\/strong><\/p>\n<p>Tel\u00a0 DG: 222\u00a0303 395\u00a0\/ 222 296 203<\/p>\n<p>Standard : 222 296\u00a0287<\/p>\n<h3 style=\"text-align: center;\"><em><span style=\"color: #008000;\"><strong>UNVDA<\/strong> (Upper Noun Valley Development Authority)<\/span><\/em><\/h3>\n<p>Directeur G\u00e9n\u00e9ral\u00a0: CHIN WIRNKAR Richard<\/p>\n<p>Adresse\u00a0: BP 25 \u00a0<strong>NDOP<\/strong><\/p>\n<p>Tel \/Fax\u00a0: 675\u00a0551 411<\/p>\n<h3 style=\"text-align: center;\"><em><span style=\"color: #008000;\"><strong>UTAVA<\/strong> (Unit\u00e9 de Traitement par Voie A\u00e9rienne)<\/span><\/em><\/h3>\n<p>Directeur\u00a0: TIATI \u00e0 NGAE<\/p>\n<p>Adresse\u00a0: BP 1055\u00a0 <strong>Garoua<\/strong><\/p>\n<p>Tel\u00a0: 222\u00a0296 188\u00a0\/ 222 296 203<\/p>\n<p>Fax\u00a0: 222 296\u00a0287<\/p>\n<h3 style=\"text-align: center;\"><span style=\"color: #008000;\"><em><strong>PAMOL <\/strong><\/em><\/span><\/h3>\n<p>Directeur G\u00e9n\u00e9ral\u00a0: OBI-OKPUN WANOBI OSANG<\/p>\n<p>Adresse\u00a0: BP 5483\u00a0 Akwa <strong>Douala<\/strong> \/ \u00a0BP 3\u00a0 <strong>EKONDO TITI<\/strong><\/p>\n<p>Tel\u00a0: 233\u00a0430 501<\/p>\n<p>Fax\u00a0: 233\u00a0430\u00a0641<\/p>\n<h3 style=\"text-align: center;\"><em><span style=\"color: #008000;\"><a style=\"color: #008000;\" href=\"http:\/\/www.fodecc.cm\" target=\"_blank\" rel=\"noopener\"><strong>FODECC<\/strong> ( Fonds de D\u00e9veloppement du Cacao et du Caf\u00e9)<\/a><\/span><\/em><\/h3>\n<p>Administrateur\u00a0: OYONO Jean Marc Dieudonn\u00e9<\/p>\n<p>Adresse\u00a0: BP \u00a0\u00a0\u00a0\u00a0\u00a0<strong>Douala<\/strong><\/p>\n<p>Tel\u00a0: 233\u00a0424 160<\/p>\n<p>Fax\u00a0: 233\u00a0424 164<\/p>\n<h3 style=\"text-align: center;\"><span style=\"color: #008000;\"><em><strong>CAPEF<\/strong> (Chambre d\u2019Agriculture, des P\u00eaches, de l\u2019Elevage et des For\u00eats du Cameroun)<\/em><\/span><\/h3>\n<p>Pr\u00e9sident : M. MINDJOS MOUMENY<\/p>\n<h3 style=\"text-align: center;\"><em><span style=\"color: #008000;\"><strong>CENEEMA<\/strong> (Centre National d\u2019Etudes et d\u2019Exp\u00e9rimentation du Machinisme Agricole)<\/span><\/em><\/h3>\n<p>Directeur : Mme MEBANDE n\u00e9e EKOTTO Andr\u00e9e Caroline<\/p>\n<p>Contact\u00a0: Tel\u00a0: 222 223\u00a0354<\/p>","protected":false},"excerpt":{"rendered":"<p>CDC (Cameroon Development Corporation) Directeur G\u00e9n\u00e9ral\u00a0: NGONIA IKOME NJIE Franklin Adresse\u00a0: BP\u00a0 Bota Limbe Tel\u00a0: 222\u00a0223 351\u00a0\/ 233 332 654 Fax\u00a0: 233332680 SODECOTON ( Soci\u00e9t\u00e9 de D\u00e9veloppement de Coton) Directeur G\u00e9n\u00e9ral : Mohamadou BAYERO Si\u00e8ge\u00a0: GAROUA Adresse\u00a0: BP\u00a0\u00a0 Garoua\u00a0 Repr\u00e9sentation de Douala\u00a0: BP\u00a0:\u00a0\u00a0\u00a0 Douala Repr\u00e9sentation de Yaound\u00e9\u00a0: BP\u00a0\u00a0 Yaound\u00e9 Tel\u00a0: 699\u00a0989\u00a0813 SOWEDA (Mission de D\u00e9veloppement [&hellip;]<\/p>\n","protected":false},"author":1,"featured_media":0,"parent":126,"menu_order":0,"comment_status":"closed","ping_status":"closed","template":"","meta":{"footnotes":""},"class_list":["post-128","page","type-page","status-publish","hentry"],"jetpack_sharing_enabled":true,"jetpack_likes_enabled":true,"_links":{"self":[{"href":"https:\/\/www.minader.cm\/index.php\/wp-json\/wp\/v2\/pages\/128","targetHints":{"allow":["GET"]}}],"collection":[{"href":"https:\/\/www.minader.cm\/index.php\/wp-json\/wp\/v2\/pages"}],"about":[{"href":"https:\/\/www.minader.cm\/index.php\/wp-json\/wp\/v2\/types\/page"}],"author":[{"embeddable":true,"href":"https:\/\/www.minader.cm\/index.php\/wp-json\/wp\/v2\/users\/1"}],"replies":[{"embeddable":true,"href":"https:\/\/www.minader.cm\/index.php\/wp-json\/wp\/v2\/comments?post=128"}],"version-history":[{"count":10,"href":"https:\/\/www.minader.cm\/index.php\/wp-json\/wp\/v2\/pages\/128\/revisions"}],"predecessor-version":[{"id":5046,"href":"https:\/\/www.minader.cm\/index.php\/wp-json\/wp\/v2\/pages\/128\/revisions\/5046"}],"up":[{"embeddable":true,"href":"https:\/\/www.minader.cm\/index.php\/wp-json\/wp\/v2\/pages\/126"}],"wp:attachment":[{"href":"https:\/\/www.minader.cm\/index.php\/wp-json\/wp\/v2\/media?parent=128"}],"curies":[{"name":"wp","href":"https:\/\/api.w.org\/{rel}","templated":true}]}}